{"id":1519,"date":"2024-09-17T09:32:34","date_gmt":"2024-09-17T12:32:34","guid":{"rendered":"https:\/\/mercadao.redrambrindes.com.br\/?page_id=1519"},"modified":"2025-05-02T15:10:42","modified_gmt":"2025-05-02T18:10:42","slug":"home","status":"publish","type":"page","link":"https:\/\/mercadao.redrambrindes.com.br\/","title":{"rendered":"Home"},"content":{"rendered":"\t\t<div data-elementor-type=\"wp-page\" data-elementor-id=\"1519\" class=\"elementor elementor-1519\" data-elementor-post-type=\"page\">\n\t\t\t\t<div class=\"elementor-element elementor-element-1575518 elementor-hidden-mobile e-flex e-con-boxed e-con e-parent\" data-id=\"1575518\" data-element_type=\"container\" data-e-type=\"container\">\n\t\t\t\t\t<div class=\"e-con-inner\">\n\t\t\t\t<div class=\"elementor-element elementor-element-2121924 elementor--h-position-center elementor--v-position-middle elementor-arrows-position-inside elementor-widget elementor-widget-slides\" data-id=\"2121924\" data-element_type=\"widget\" data-e-type=\"widget\" data-settings=\"{&quot;navigation&quot;:&quot;arrows&quot;,&quot;transition_speed&quot;:400,&quot;autoplay&quot;:&quot;yes&quot;,&quot;pause_on_interaction&quot;:&quot;yes&quot;,&quot;autoplay_speed&quot;:5000,&quot;infinite&quot;:&quot;yes&quot;,&quot;transition&quot;:&quot;slide&quot;}\" data-widget_type=\"slides.default\">\n\t\t\t\t<div class=\"elementor-widget-container\">\n\t\t\t\t\t\t\t\t\t<div class=\"elementor-swiper\">\n\t\t\t\t\t<div class=\"elementor-slides-wrapper elementor-main-swiper swiper\" role=\"region\" aria-roledescription=\"carousel\" aria-label=\"Slides\" dir=\"ltr\" data-animation=\"fadeInUp\">\n\t\t\t\t<div class=\"swiper-wrapper elementor-slides\">\n\t\t\t\t\t\t\t\t\t\t<div class=\"elementor-repeater-item-f27fc33 swiper-slide\" role=\"group\" aria-roledescription=\"slide\"><div class=\"swiper-slide-bg\" role=\"img\"><\/div><a class=\"swiper-slide-inner\" href=\"https:\/\/www.google.com\/search?sca_esv=e1bc306dcb0911c4&#038;sxsrf=AHTn8zoNjPeLpWDOQCfMa9i3Qx1FFk3OAw:1743103557446&#038;si=APYL9bs7Hg2KMLB-4tSoTdxuOx8BdRvHbByC_AuVpNyh0x2KzZKX0VKYqbdq4GhordgHavAtUrT2y9oWr13ooSD7E41n6o6f9Jj-rARkXylNc8Cj9XxQu0Wl4w20OmhIeUhywT5mVDYALfgSm-HkhTVz6lUmiUqHo2498MKxqvG657KGx92NLR4%3D&#038;q=Redram+Com%C3%A9rcio+de+Brindes+Ltda+Coment%C3%A1rios&#038;sa=X&#038;ved=2ahUKEwiQquTi_qqMAxW9ppUCHWysLo8Q0bkNegQIPhAE#lrd=0x951c61b8aaf71741:0x758a65503a5062d4,1,,,,\"><div class=\"swiper-slide-contents\"><\/div><\/a><\/div><div class=\"elementor-repeater-item-c0583fe swiper-slide\" role=\"group\" aria-roledescription=\"slide\"><div class=\"swiper-slide-bg\" role=\"img\"><\/div><a class=\"swiper-slide-inner\" href=\"https:\/\/redrambrindes.com.br\/links\/\"><div class=\"swiper-slide-contents\"><\/div><\/a><\/div><div class=\"elementor-repeater-item-a8b2252 swiper-slide\" role=\"group\" aria-roledescription=\"slide\"><div class=\"swiper-slide-bg\" role=\"img\"><\/div><a class=\"swiper-slide-inner\" href=\"https:\/\/redrambrindes.com.br\/links\/\"><div class=\"swiper-slide-contents\"><\/div><\/a><\/div><div class=\"elementor-repeater-item-f35711d swiper-slide\" role=\"group\" aria-roledescription=\"slide\"><div class=\"swiper-slide-bg\" role=\"img\"><\/div><a class=\"swiper-slide-inner\" href=\"https:\/\/redrambrindes.com.br\/links\/\"><div class=\"swiper-slide-contents\"><\/div><\/a><\/div>\t\t\t\t<\/div>\n\t\t\t\t\t\t\t\t\t\t\t\t\t\t\t<div class=\"elementor-swiper-button elementor-swiper-button-prev\" role=\"button\" tabindex=\"0\" aria-label=\"Slide anterior\">\n\t\t\t\t\t\t\t<svg aria-hidden=\"true\" class=\"e-font-icon-svg e-eicon-chevron-left\" viewBox=\"0 0 1000 1000\" xmlns=\"http:\/\/www.w3.org\/2000\/svg\"><path d=\"M646 125C629 125 613 133 604 142L308 442C296 454 292 471 292 487 292 504 296 521 308 533L604 854C617 867 629 875 646 875 663 875 679 871 692 858 704 846 713 829 713 812 713 796 708 779 692 767L438 487 692 225C700 217 708 204 708 187 708 171 704 154 692 142 675 129 663 125 646 125Z\"><\/path><\/svg>\t\t\t\t\t\t<\/div>\n\t\t\t\t\t\t<div class=\"elementor-swiper-button elementor-swiper-button-next\" role=\"button\" tabindex=\"0\" aria-label=\"Pr\u00f3ximo slide\">\n\t\t\t\t\t\t\t<svg aria-hidden=\"true\" class=\"e-font-icon-svg e-eicon-chevron-right\" viewBox=\"0 0 1000 1000\" xmlns=\"http:\/\/www.w3.org\/2000\/svg\"><path d=\"M696 533C708 521 713 504 713 487 713 471 708 454 696 446L400 146C388 133 375 125 354 125 338 125 325 129 313 142 300 154 292 171 292 187 292 204 296 221 308 233L563 492 304 771C292 783 288 800 288 817 288 833 296 850 308 863 321 871 338 875 354 875 371 875 388 867 400 854L696 533Z\"><\/path><\/svg>\t\t\t\t\t\t<\/div>\n\t\t\t\t\t\t\t\t\t\t\t\t\t\t\t\t\t<\/div>\n\t\t\t\t<\/div>\n\t\t\t\t\t\t\t\t<\/div>\n\t\t\t\t<\/div>\n\t\t\t\t\t<\/div>\n\t\t\t\t<\/div>\n\t\t<div class=\"elementor-element elementor-element-b594300 elementor-hidden-desktop elementor-hidden-tablet e-flex e-con-boxed e-con e-parent\" data-id=\"b594300\" data-element_type=\"container\" data-e-type=\"container\">\n\t\t\t\t\t<div class=\"e-con-inner\">\n\t\t\t\t<div class=\"elementor-element elementor-element-5e0d719 elementor-widget elementor-widget-image\" data-id=\"5e0d719\" data-element_type=\"widget\" data-e-type=\"widget\" data-widget_type=\"image.default\">\n\t\t\t\t<div class=\"elementor-widget-container\">\n\t\t\t\t\t\t\t\t\t\t\t\t\t\t\t<img fetchpriority=\"high\" decoding=\"async\" width=\"400\" height=\"800\" src=\"https:\/\/mercadao.redrambrindes.com.br\/wp-content\/uploads\/2024\/11\/slide-mercadao-mobile2.jpg\" class=\"attachment-full size-full wp-image-2054\" alt=\"\" srcset=\"https:\/\/mercadao.redrambrindes.com.br\/wp-content\/uploads\/2024\/11\/slide-mercadao-mobile2.jpg 400w, https:\/\/mercadao.redrambrindes.com.br\/wp-content\/uploads\/2024\/11\/slide-mercadao-mobile2-150x300.jpg 150w\" sizes=\"(max-width: 400px) 100vw, 400px\" \/>\t\t\t\t\t\t\t\t\t\t\t\t\t\t\t<\/div>\n\t\t\t\t<\/div>\n\t\t\t\t\t<\/div>\n\t\t\t\t<\/div>\n\t\t<div class=\"elementor-element elementor-element-2d08e1f e-flex e-con-boxed e-con e-parent\" data-id=\"2d08e1f\" data-element_type=\"container\" data-e-type=\"container\">\n\t\t\t\t\t<div class=\"e-con-inner\">\n\t\t\t\t<div class=\"elementor-element elementor-element-a89252e elementor-widget elementor-widget-heading\" data-id=\"a89252e\" data-element_type=\"widget\" data-e-type=\"widget\" data-widget_type=\"heading.default\">\n\t\t\t\t<div class=\"elementor-widget-container\">\n\t\t\t\t\t<h2 class=\"elementor-heading-title elementor-size-default\">Ofertas do m\u00eas<\/h2>\t\t\t\t<\/div>\n\t\t\t\t<\/div>\n\t\t\t\t<div class=\"elementor-element elementor-element-79da8e9 elementor-grid-4 elementor-grid-tablet-3 elementor-grid-mobile-2 elementor-products-grid elementor-wc-products elementor-widget elementor-widget-woocommerce-products\" data-id=\"79da8e9\" data-element_type=\"widget\" data-e-type=\"widget\" data-widget_type=\"woocommerce-products.default\">\n\t\t\t\t<div class=\"elementor-widget-container\">\n\t\t\t\t\t<div class=\"woocommerce columns-4 \"><ul class=\"products elementor-grid columns-4\">\n<li class=\"desktop-align-left tablet-align-left mobile-align-left ast-product-gallery-layout-horizontal-slider ast-product-gallery-with-no-image ast-product-tabs-layout-horizontal product type-product post-2310 status-publish first instock product_cat-canetas-e-lapis product_cat-datas-especiais product_cat-material-escolar has-post-thumbnail shipping-taxable purchasable product-type-simple\">\n\t<a href=\"https:\/\/mercadao.redrambrindes.com.br\/?product=caneta-plastica-personalizacao-1-cor-rbx3011b-vermelho\" class=\"woocommerce-LoopProduct-link woocommerce-loop-product__link\"><img decoding=\"async\" width=\"500\" height=\"500\" src=\"https:\/\/mercadao.redrambrindes.com.br\/wp-content\/uploads\/2025\/02\/caneta-vermelha-500x500.png\" class=\"attachment-woocommerce_thumbnail size-woocommerce_thumbnail\" alt=\"Caneta Pl\u00e1stica personaliza\u00e7\u00e3o 1 cor - RBX3011b vermelho\" srcset=\"https:\/\/mercadao.redrambrindes.com.br\/wp-content\/uploads\/2025\/02\/caneta-vermelha-500x500.png 500w, https:\/\/mercadao.redrambrindes.com.br\/wp-content\/uploads\/2025\/02\/caneta-vermelha-300x300.png 300w, https:\/\/mercadao.redrambrindes.com.br\/wp-content\/uploads\/2025\/02\/caneta-vermelha-1024x1024.png 1024w, https:\/\/mercadao.redrambrindes.com.br\/wp-content\/uploads\/2025\/02\/caneta-vermelha-150x150.png 150w, https:\/\/mercadao.redrambrindes.com.br\/wp-content\/uploads\/2025\/02\/caneta-vermelha-768x768.png 768w, https:\/\/mercadao.redrambrindes.com.br\/wp-content\/uploads\/2025\/02\/caneta-vermelha-1536x1536.png 1536w, https:\/\/mercadao.redrambrindes.com.br\/wp-content\/uploads\/2025\/02\/caneta-vermelha-2048x2048.png 2048w, https:\/\/mercadao.redrambrindes.com.br\/wp-content\/uploads\/2025\/02\/caneta-vermelha-700x700.png 700w, https:\/\/mercadao.redrambrindes.com.br\/wp-content\/uploads\/2025\/02\/caneta-vermelha-100x100.png 100w\" sizes=\"(max-width: 500px) 100vw, 500px\" \/><h2 class=\"woocommerce-loop-product__title\">Caneta Pl\u00e1stica personaliza\u00e7\u00e3o 1 cor &#8211; RBX3011b vermelho<\/h2>\n\t\t\t\t\t\t\t\t<style>\r\n\t\t\t\t\t\t\t\t\t.woocommerce-variation-price{ display: none !important;}\r\n\t\t\t\t\t\t\t\t<\/style>\r\n\t\t\t\t\t\t\t\t<\/a><div class=\"woocommerce-loop-product__buttons\"><\/div>\t<span id=\"woocommerce_loop_add_to_cart_link_describedby_2310\" class=\"screen-reader-text\">\n\t\t\t<\/span>\n<\/li>\n<li class=\"desktop-align-left tablet-align-left mobile-align-left ast-product-gallery-layout-horizontal-slider ast-product-gallery-with-no-image ast-product-tabs-layout-horizontal product type-product post-2302 status-publish instock product_cat-bar-e-bebidas product_cat-copos product_cat-datas-especiais product_cat-pessoais has-post-thumbnail shipping-taxable purchasable product-type-simple\">\n\t<a href=\"https:\/\/mercadao.redrambrindes.com.br\/?product=balde-de-pipoca-1-litro-person-2-lados-rbindrd030203-vermelho\" class=\"woocommerce-LoopProduct-link woocommerce-loop-product__link\"><img decoding=\"async\" width=\"500\" height=\"500\" src=\"https:\/\/mercadao.redrambrindes.com.br\/wp-content\/uploads\/2025\/02\/pipoca-1l-vermelho-500x500.png\" class=\"attachment-woocommerce_thumbnail size-woocommerce_thumbnail\" alt=\"Balde de Pipoca 1 Litro \/ person. 2 Lados - RBINDRD030203 vermelho\" srcset=\"https:\/\/mercadao.redrambrindes.com.br\/wp-content\/uploads\/2025\/02\/pipoca-1l-vermelho-500x500.png 500w, https:\/\/mercadao.redrambrindes.com.br\/wp-content\/uploads\/2025\/02\/pipoca-1l-vermelho-300x300.png 300w, https:\/\/mercadao.redrambrindes.com.br\/wp-content\/uploads\/2025\/02\/pipoca-1l-vermelho-1024x1024.png 1024w, https:\/\/mercadao.redrambrindes.com.br\/wp-content\/uploads\/2025\/02\/pipoca-1l-vermelho-150x150.png 150w, https:\/\/mercadao.redrambrindes.com.br\/wp-content\/uploads\/2025\/02\/pipoca-1l-vermelho-768x768.png 768w, https:\/\/mercadao.redrambrindes.com.br\/wp-content\/uploads\/2025\/02\/pipoca-1l-vermelho-1536x1536.png 1536w, https:\/\/mercadao.redrambrindes.com.br\/wp-content\/uploads\/2025\/02\/pipoca-1l-vermelho-2048x2048.png 2048w, https:\/\/mercadao.redrambrindes.com.br\/wp-content\/uploads\/2025\/02\/pipoca-1l-vermelho-700x700.png 700w, https:\/\/mercadao.redrambrindes.com.br\/wp-content\/uploads\/2025\/02\/pipoca-1l-vermelho-100x100.png 100w\" sizes=\"(max-width: 500px) 100vw, 500px\" \/><h2 class=\"woocommerce-loop-product__title\">Balde de Pipoca 1 Litro \/ person. 2 Lados &#8211; RBINDRD030203 vermelho<\/h2>\n\t\t\t\t\t\t\t\t<style>\r\n\t\t\t\t\t\t\t\t\t.woocommerce-variation-price{ display: none !important;}\r\n\t\t\t\t\t\t\t\t<\/style>\r\n\t\t\t\t\t\t\t\t<\/a><div class=\"woocommerce-loop-product__buttons\"><\/div>\t<span id=\"woocommerce_loop_add_to_cart_link_describedby_2302\" class=\"screen-reader-text\">\n\t\t\t<\/span>\n<\/li>\n<li class=\"desktop-align-left tablet-align-left mobile-align-left ast-product-gallery-layout-horizontal-slider ast-product-gallery-with-no-image ast-product-tabs-layout-horizontal product type-product post-2301 status-publish instock product_cat-bar-e-bebidas product_cat-copos product_cat-datas-especiais product_cat-pessoais has-post-thumbnail shipping-taxable purchasable product-type-simple\">\n\t<a href=\"https:\/\/mercadao.redrambrindes.com.br\/?product=balde-de-pipoca-1-litro-person-2-lados-rbindrd030203-azul\" class=\"woocommerce-LoopProduct-link woocommerce-loop-product__link\"><img loading=\"lazy\" decoding=\"async\" width=\"500\" height=\"500\" src=\"https:\/\/mercadao.redrambrindes.com.br\/wp-content\/uploads\/2025\/02\/pipoca-1l-azul-500x500.png\" class=\"attachment-woocommerce_thumbnail size-woocommerce_thumbnail\" alt=\"Balde de Pipoca 1 Litro \/ person. 2 Lados - RBINDRD030203 azul\" srcset=\"https:\/\/mercadao.redrambrindes.com.br\/wp-content\/uploads\/2025\/02\/pipoca-1l-azul-500x500.png 500w, https:\/\/mercadao.redrambrindes.com.br\/wp-content\/uploads\/2025\/02\/pipoca-1l-azul-300x300.png 300w, https:\/\/mercadao.redrambrindes.com.br\/wp-content\/uploads\/2025\/02\/pipoca-1l-azul-1024x1024.png 1024w, https:\/\/mercadao.redrambrindes.com.br\/wp-content\/uploads\/2025\/02\/pipoca-1l-azul-150x150.png 150w, https:\/\/mercadao.redrambrindes.com.br\/wp-content\/uploads\/2025\/02\/pipoca-1l-azul-768x768.png 768w, https:\/\/mercadao.redrambrindes.com.br\/wp-content\/uploads\/2025\/02\/pipoca-1l-azul-1536x1536.png 1536w, https:\/\/mercadao.redrambrindes.com.br\/wp-content\/uploads\/2025\/02\/pipoca-1l-azul-2048x2048.png 2048w, https:\/\/mercadao.redrambrindes.com.br\/wp-content\/uploads\/2025\/02\/pipoca-1l-azul-700x700.png 700w, https:\/\/mercadao.redrambrindes.com.br\/wp-content\/uploads\/2025\/02\/pipoca-1l-azul-100x100.png 100w\" sizes=\"(max-width: 500px) 100vw, 500px\" \/><h2 class=\"woocommerce-loop-product__title\">Balde de Pipoca 1 Litro \/ person. 2 Lados &#8211; RBINDRD030203 azul<\/h2>\n\t\t\t\t\t\t\t\t<style>\r\n\t\t\t\t\t\t\t\t\t.woocommerce-variation-price{ display: none !important;}\r\n\t\t\t\t\t\t\t\t<\/style>\r\n\t\t\t\t\t\t\t\t<\/a><div class=\"woocommerce-loop-product__buttons\"><\/div>\t<span id=\"woocommerce_loop_add_to_cart_link_describedby_2301\" class=\"screen-reader-text\">\n\t\t\t<\/span>\n<\/li>\n<li class=\"desktop-align-left tablet-align-left mobile-align-left ast-product-gallery-layout-horizontal-slider ast-product-gallery-with-no-image ast-product-tabs-layout-horizontal product type-product post-2300 status-publish last instock product_cat-bar-e-bebidas product_cat-copos product_cat-datas-especiais product_cat-pessoais has-post-thumbnail shipping-taxable purchasable product-type-simple\">\n\t<a href=\"https:\/\/mercadao.redrambrindes.com.br\/?product=balde-de-pipoca-1-litro-person-2-lados-rbindrd030203-preto\" class=\"woocommerce-LoopProduct-link woocommerce-loop-product__link\"><img loading=\"lazy\" decoding=\"async\" width=\"500\" height=\"500\" src=\"https:\/\/mercadao.redrambrindes.com.br\/wp-content\/uploads\/2025\/02\/pipoca-1l-preto-500x500.png\" class=\"attachment-woocommerce_thumbnail size-woocommerce_thumbnail\" alt=\"Balde de Pipoca 1 Litro \/ person. 2 Lados - RBINDRD030203 preto\" srcset=\"https:\/\/mercadao.redrambrindes.com.br\/wp-content\/uploads\/2025\/02\/pipoca-1l-preto-500x500.png 500w, https:\/\/mercadao.redrambrindes.com.br\/wp-content\/uploads\/2025\/02\/pipoca-1l-preto-300x300.png 300w, https:\/\/mercadao.redrambrindes.com.br\/wp-content\/uploads\/2025\/02\/pipoca-1l-preto-1024x1024.png 1024w, https:\/\/mercadao.redrambrindes.com.br\/wp-content\/uploads\/2025\/02\/pipoca-1l-preto-150x150.png 150w, https:\/\/mercadao.redrambrindes.com.br\/wp-content\/uploads\/2025\/02\/pipoca-1l-preto-768x768.png 768w, https:\/\/mercadao.redrambrindes.com.br\/wp-content\/uploads\/2025\/02\/pipoca-1l-preto-1536x1536.png 1536w, https:\/\/mercadao.redrambrindes.com.br\/wp-content\/uploads\/2025\/02\/pipoca-1l-preto-2048x2048.png 2048w, https:\/\/mercadao.redrambrindes.com.br\/wp-content\/uploads\/2025\/02\/pipoca-1l-preto-700x700.png 700w, https:\/\/mercadao.redrambrindes.com.br\/wp-content\/uploads\/2025\/02\/pipoca-1l-preto-100x100.png 100w\" sizes=\"(max-width: 500px) 100vw, 500px\" \/><h2 class=\"woocommerce-loop-product__title\">Balde de Pipoca 1 Litro \/ person. 2 Lados &#8211; RBINDRD030203 preto<\/h2>\n\t\t\t\t\t\t\t\t<style>\r\n\t\t\t\t\t\t\t\t\t.woocommerce-variation-price{ display: none !important;}\r\n\t\t\t\t\t\t\t\t<\/style>\r\n\t\t\t\t\t\t\t\t<\/a><div class=\"woocommerce-loop-product__buttons\"><\/div>\t<span id=\"woocommerce_loop_add_to_cart_link_describedby_2300\" class=\"screen-reader-text\">\n\t\t\t<\/span>\n<\/li>\n<\/ul>\n<\/div>\t\t\t\t<\/div>\n\t\t\t\t<\/div>\n\t\t\t\t\t<\/div>\n\t\t\t\t<\/div>\n\t\t\t\t<\/div>\n\t\t","protected":false},"excerpt":{"rendered":"<p>Ofertas do m\u00eas<\/p>\n","protected":false},"author":1,"featured_media":0,"parent":0,"menu_order":0,"comment_status":"closed","ping_status":"closed","template":"","meta":{"site-sidebar-layout":"no-sidebar","site-content-layout":"","ast-site-content-layout":"full-width-container","site-content-style":"default","site-sidebar-style":"default","ast-global-header-display":"","ast-banner-title-visibility":"","ast-main-header-display":"","ast-hfb-above-header-display":"","ast-hfb-below-header-display":"","ast-hfb-mobile-header-display":"","site-post-title":"disabled","ast-breadcrumbs-content":"","ast-featured-img":"disabled","footer-sml-layout":"","ast-disable-related-posts":"","theme-transparent-header-meta":"default","adv-header-id-meta":"","stick-header-meta":"","header-above-stick-meta":"","header-main-stick-meta":"","header-below-stick-meta":"","astra-migrate-meta-layouts":"set","ast-page-background-enabled":"default","ast-page-background-meta":{"desktop":{"background-color":"var(--ast-global-color-4)","background-image":"","background-repeat":"repeat","background-position":"center center","background-size":"auto","background-attachment":"scroll","background-type":"","background-media":"","overlay-type":"","overlay-color":"","overlay-opacity":"","overlay-gradient":""},"tablet":{"background-color":"","background-image":"","background-repeat":"repeat","background-position":"center center","background-size":"auto","background-attachment":"scroll","background-type":"","background-media":"","overlay-type":"","overlay-color":"","overlay-opacity":"","overlay-gradient":""},"mobile":{"background-color":"","background-image":"","background-repeat":"repeat","background-position":"center center","background-size":"auto","background-attachment":"scroll","background-type":"","background-media":"","overlay-type":"","overlay-color":"","overlay-opacity":"","overlay-gradient":""}},"ast-content-background-meta":{"desktop":{"background-color":"var(--ast-global-color-5)","background-image":"","background-repeat":"repeat","background-position":"center center","background-size":"auto","background-attachment":"scroll","background-type":"","background-media":"","overlay-type":"","overlay-color":"","overlay-opacity":"","overlay-gradient":""},"tablet":{"background-color":"var(--ast-global-color-5)","background-image":"","background-repeat":"repeat","background-position":"center center","background-size":"auto","background-attachment":"scroll","background-type":"","background-media":"","overlay-type":"","overlay-color":"","overlay-opacity":"","overlay-gradient":""},"mobile":{"background-color":"var(--ast-global-color-5)","background-image":"","background-repeat":"repeat","background-position":"center center","background-size":"auto","background-attachment":"scroll","background-type":"","background-media":"","overlay-type":"","overlay-color":"","overlay-opacity":"","overlay-gradient":""}},"footnotes":""},"class_list":["post-1519","page","type-page","status-publish","hentry"],"_links":{"self":[{"href":"https:\/\/mercadao.redrambrindes.com.br\/index.php?rest_route=\/wp\/v2\/pages\/1519","targetHints":{"allow":["GET"]}}],"collection":[{"href":"https:\/\/mercadao.redrambrindes.com.br\/index.php?rest_route=\/wp\/v2\/pages"}],"about":[{"href":"https:\/\/mercadao.redrambrindes.com.br\/index.php?rest_route=\/wp\/v2\/types\/page"}],"author":[{"embeddable":true,"href":"https:\/\/mercadao.redrambrindes.com.br\/index.php?rest_route=\/wp\/v2\/users\/1"}],"replies":[{"embeddable":true,"href":"https:\/\/mercadao.redrambrindes.com.br\/index.php?rest_route=%2Fwp%2Fv2%2Fcomments&post=1519"}],"version-history":[{"count":41,"href":"https:\/\/mercadao.redrambrindes.com.br\/index.php?rest_route=\/wp\/v2\/pages\/1519\/revisions"}],"predecessor-version":[{"id":2333,"href":"https:\/\/mercadao.redrambrindes.com.br\/index.php?rest_route=\/wp\/v2\/pages\/1519\/revisions\/2333"}],"wp:attachment":[{"href":"https:\/\/mercadao.redrambrindes.com.br\/index.php?rest_route=%2Fwp%2Fv2%2Fmedia&parent=1519"}],"curies":[{"name":"wp","href":"https:\/\/api.w.org\/{rel}","templated":true}]}}